 = -25. Let m(z) = 27*z**2 - 4*z - 20. Is m(b) a composite number?
False
Let g(r) = -3137*r - 305. Is g(-8) prime?
False
Suppose -4*h + 84864 = -4*n, -14*n = 4*h - 13*n - 84889. Is h a prime number?
True
Let h(q) be the third derivative of q**6/120 - q**5/60 + q**4/6 + 2*q**3/3 - 35*q**2. Let c(a) = -a**2 - 7*a - 3. Let z be c(-5). Is h(z) a composite number?
True
Suppose 39158 + 226132 = 30*f. Is f a composite number?
True
Let r(o) = -o + 4. Let n be r(4). Suppose 2 = -n*w + w. Let f(m) = 7*m**3 + 2*m**2 - 4*m + 3. Is f(w) a prime number?
True
Let d(u) = -4*u**3 - 7*u**2 - 5*u - 4. Is d(-5) prime?
False
Let t = -35 + 37. Suppose -2*p = -t, -5*w = -2*p - 140 - 113. Is w composite?
True
Let h be (-7)/((-42)/(-8))*3. Is ((-2)/h)/(-1*6/(-26436)) prime?
True
Let v(o) = -o**3 + 14*o**2 + 7*o + 11. Suppose 2*b + 9 = 3*d, 0 = -3*b + 2*d - 15 - 6. Is v(b) a composite number?
False
Let a(z) = 3 + 4*z**2 + 9*z**2 + 0*z**2 + 3. Is a(-5) composite?
False
Suppose 5*t - 1 + 6 = 0, -4*y + 32 = -4*t. Let x(h) = -h**2 + 8*h - 3. Let a be x(y). Suppose -2263 = -3*m - a*g, m - 2*m + 741 = -2*g. Is m a composite number?
True
Suppose -5*d + 1578 + 13117 = 0. Is d a prime number?
True
Suppose 0 = 5*i + 3*o - 9, 10*o = -2*i + 5*o - 4. Let u be ((-4438)/28)/((-3)/(-6)). Is u/(1/((-3)/i)) composite?
False
Let v(w) = -11*w**3 + 6*w**2 - 1. Let g(d) = -2*d**2 + d. Let o be g(2). Is v(o) a composite number?
False
Let o = -19 - -23. Suppose o*x - 4*a + 7 = a, 4*x = 2*a - 22. Is 1590/8 + (-2)/x a composite number?
False
Suppose 15 = -3*h, -38647 = -4*f + f - 4*h. Is f a composite number?
False
Let j = -9739 + 13860. Is j a prime number?
False
Let u(c) = -c**2 + 9*c + 56. Let d be u(13). Suppose -d*a - j + 8616 = 0, 0 = -2*j + 3*j - 4. Is a composite?
False
Let h(n) = -1120*n + 113. Is h(-11) prime?
True
Let x = 280 - 69. Is x composite?
False
Let o(g) = 45*g**2 + g - 17. Let z = 15 - 21. Is o(z) a prime number?
True
Suppose -4*r = -r - 54. Suppose -6*u + 6 + r = 0. Is ((1572/u)/3)/1 a prime number?
True
Let q = 55 + -50. Suppose -3*u + 2604 = 3*l, l + 0*l = q*u - 4328. Is u a composite number?
True
Suppose -2368 = -4*u + 3*m - 7481, 3813 = -3*u - 5*m. Let z = u - -3099. Is z prime?
True
Let z = 521 + -110. Is z prime?
False
Let s = 102 + -104. Let c(f) = -f**3 - 7*f**2 - 6*f + 3. Let t be c(-6). Is (s/6)/(t/(-3357)) a composite number?
False
Suppose -43*w - 173187 = -52*w. Is w a composite number?
True
Let r be -1*0/1 + 81. Let p(f) = -48*f + 2. Let j be p(-2). Let x = j + r. Is x composite?
False
Let a(j) = -35*j**3 + j**2 + j. Let q be a(-1). Is (-8)/(-14) - (-1345)/q composite?
True
Let b(f) = f**3 - 2*f**2 + 2*f - 1. Let p be b(2). Let z(r) be the third derivative of 85*r**4/24 + 2*r**3/3 - 13*r**2. Is z(p) a prime number?
False
Let p = 48268 + -24399. Is p a composite number?
False
Let o(a) = 2904*a - 43. Is o(1) a composite number?
False
Let j(h) = -h + 1. Let s(f) = -27*f - 18. Let a(d) = 5*j(d) + s(d). Is a(-15) a composite number?
False
Suppose -c - 11 = 2*d, 0*c - 4*c + 2*d - 14 = 0. Let a(h) = -3*h**3 - 5*h**2 - 9*h - 6. Is a(c) prime?
False
Suppose f - 8 - 6 = 0. Let l be (6/f)/((-1)/(-7)). Suppose 304 = 2*g - l*w, -w - 10 = 4*w. Is g prime?
True
Let a be 7/1 - (-13 + 14). Let l(r) = r + 91*r**2 - a - 2 + 7. Is l(1) prime?
False
Suppose -4*x + 42 = -a, -4*a + 30 - 78 = -4*x. Suppose -x = -4*z - z. Suppose 5*d - d = z*h + 2796, 0 = 3*d - 5*h - 2097. Is d composite?
True
Is 10/(-3 + 13)*287 a composite number?
True
Suppose 13*a - 11*a - 8 = 0. Is (2/a)/(2/1804) prime?
False
Suppose n = -2*n + 5*o - 42, 12 = -n + o. Let p(m) = -3*m**3 + 3*m**2 + 2*m + 2. Let s be p(3). Let g = n - s. Is g composite?
False
Let k be (35/15 - -1)/((-2)/27). Let a = -8 - k. Is a composite?
False
Suppose -3*n - 8 = -4*s - 0*s, 3*n - 2 = -s. Suppose -2*t + b + 2637 = 0, s*t + 3*t = 2*b + 6593. Is t prime?
True
Suppose 0 = -q + v - 5*v - 21, 5*v = 25. Suppose 4*u + 570 = -2*j + 5*j, 4*j = -5*u - 728. Let g = q - u. Is g prime?
True
Is 3 - 4 - 1/(4/(-54568)) a composite number?
True
Let s be 1/1*3 + (-12 - -10). Is (s - 0)*(-30320)/(-16) composite?
True
Let t(w) = -2*w**2 - 16*w + 5. Let b be t(-8). Is b/(80/24) - 1646/(-4) prime?
False
Is (-1)/((-3 - (-11896)/3964)/(-5)) a composite number?
True
Let x be (-12)/(-84) - 1/7. Suppose x*t = -5*b - 3*t - 330, 0 = -5*b + 2*t - 355. Is -3 + (-9)/(-3) - b prime?
False
Let u = -2232 + 8585. Is u composite?
False
Is 7 + 0 - 166500/(-30) prime?
True
Suppose 51*p = 97*p - 370714. Is p composite?
False
Let j = 19 - 10. Let u be j/(2 - 831/417). Suppose -2*i + 2*r = i - u, 4*i + 2*r = 1682. Is i prime?
True
Let d(f) = -f - 6. Let m be d(-6). Let u be (m/(-4 - 0))/(-2). Suppose k + 709 = 5*t, u*k - 145 = -t + k. Is t a prime number?
False
Suppose 15916 = 7*t + 4219. Suppose 9*a = 12*a - t. Suppose -r + 2*i + 756 = 3*r, -4*i - a = -3*r. Is r a prime number?
True
Let h(o) = 442*o**3 + 8*o**2 - 24*o + 103. Is h(5) a composite number?
True
Let m(g) = -g**2 - 14*g**3 + 0*g - 2*g + g. Suppose -2*b + 19 - 21 = 0. Is m(b) prime?
False
Let o be (3 - 2)/(-1)*-45. Suppose -4*k + 53 = o. Suppose 0 = k*i + 2*m - 36, m = -5. Is i prime?
True
Suppose 24*c + 116384 = 4*s + 29*c, -4*s = -5*c - 116424. Is s prime?
True
Let u = 14 + -10. Let m = u - 3. Is m/(-6) + 37/6 a prime number?
False
Let k(y) = 2*y**3 - 57*y**2 - 12*y - 57. Is k(48) prime?
False
Let w(x) = -51*x**2 - 33*x + 75. Let k(f) = -26*f**2 - 17*f + 37. Let y(b) = 5*k(b) - 3*w(b). Is y(9) prime?
True
Suppose 0 = 3*r - 5*r + 6. Let o be (-2 + r)*(4 + -1). Suppose -1485 = -o*y - 24. Is y a composite number?
False
Is 44929/10 + (-86)/(-860) composite?
False
Let s(r) = 2*r**2 + 25*r + 43. Is s(-32) prime?
True
Let m = 462073 - 292382. Is m prime?
True
Let u = -3794 + 6403. Is u composite?
False
Is 4/(-16)*6*-502 a prime number?
False
Let v = 27187 + 70584. Is v a prime number?
True
Is 4 + (-50099)/(-28) + (-1)/4 prime?
False
Suppose 20 = -5*r, 0 = -4*b + 4*r - 3048 - 252. Let p = b - -1663. Suppose 5*i = -279 + p. Is i prime?
False
Let g be ((-12)/10)/(8/((-480)/(-18))). Let s(j) = 12*j**2 - 4*j - 5. Is s(g) prime?
False
Let k = 2988 + -1399. Is k prime?
False
Let x(f) = 2 + 253*f - 4 - 5. Let o be x(-3). Let q = o - -1139. Is q a composite number?
False
Let i be (-6)/15 - (-152)/(-20). Let x(t) = 61*t + 27. Let j(r) = -396*r - 176. Let h(u) = -5*j(u) - 33*x(u). Is h(i) a composite number?
True
Let h(v) = 62*v - 9. Let k(q) = -186*q + 27. Let o(j) = -7*h(j) - 2*k(j). Is o(-7) prime?
True
Suppose 2*p = 5*j + 227831, 2*p + 17798 - 245647 = -j. Is p composite?
True
Is (-15)/(-5) + -4 - -9588 composite?
False
Suppose 3*n = 6*n - a - 2866, 2*n + 3*a - 1907 = 0. Is n a composite number?
True
Suppose -33*o + 395646 = -796941. Is o a composite number?
True
Let u = 264 + -907. Let i = 205 + u. Let f = -297 - i. Is f composite?
True
Let h(o) = 348*o + 5. Let v(y) = y**3 + 4*y**2 - 2*y - 4. Let s be v(-4). Is h(s) prime?
False
Let j = -3688 - -17241. Is j prime?
True
Suppose -19*i - 7*i + 87334 = 0. Is i a prime number?
True
Suppose n - 168 = -3*m, 2*m = 7*m + 4*n - 280. Suppose 5*s + m = -194. Is (s/4)/(-5)*46 a prime number?
False
Let c = 1909 + -590. Is c prime?
True
Suppose 5961 - 22203 = -6*q. Is q prime?
True
Let v(p) = p. Let j be v(2). Is (-6 - -2 - j)*(-21)/6 a prime number?
False
Is (-87)/145*9865/(-3) composite?
False
Let u(s) = 4*s**2 + 2*s - 1. Let o be u(-3). Let t = 302 + o. Is t a prime number?
True
Suppose -10*d + 19980 = -22030. Is d composite?
False
Suppose 2*q = 2*r - 3*r - 3198, 0 = -5*q + 15. Let x = 8551 + r. Is x a prime number?
True
Let l = -7 + 9. Suppose 0*j + l*j = 0. Suppose x + 0*x - 53 = j. Is x a prime number?
True
Let d(b) = -b**3 - 5*b**2 + 3*b + 4. Let v be d(-4). Let j be (222/v)/(3/12). Let m = j + 88. Is m a composite number?
True
Suppose -5*z - 286 = -2*v - z, 0 = 4*z + 12. Let r = v - -180. Is r a prime number?
True
Suppose 116842 = 13*x + 33798. Suppose -3*v + 7*v - x = 0. Is v composite?
False
Suppose 5*r = 5*m + 16860, -4*m = 2*r - 4779 - 1995. Is r a prime number?
False
Let b(y) = 238*y - 809. Is b(34) a composite number?
False
Let v(a) be the second derivative of 7*a**4/12 - 2*a**3/3 - a**2 - 4*a. Let k be v(5). Suppose -k = -4*h + 355. Is h composite?
False
Let c(u) = 5*u